f 751032 and 1818471?
3477
Calculate the highest common divisor of 10 and 719738.
2
What is the highest common factor of 5071202 and 68?
34
What is the highest common divisor of 158656156 and 76?
76
Calculate the greatest common factor of 178234829 and 73.
73
Calculate the greatest common factor of 49735 and 94018.
29
Calculate the highest common divisor of 136582 and 25098.
94
What is the highest common factor of 29893238 and 3841?
23
What is the greatest common factor of 211403582 and 26?
26
What is the highest common factor of 52 and 13549887?
13
Calculate the highest common divisor of 25 and 256528235.
5
Calculate the greatest common factor of 56 and 4169459.
7
What is the greatest common factor of 14564 and 13871548?
1324
Calculate the highest common factor of 782680 and 6120.
680
Calculate the highest common divisor of 30710 and 26097358.
6142
Calculate the highest common factor of 2078 and 8516683.
1039
What is the greatest common factor of 2200 and 241853700?
1100
Calculate the highest common divisor of 48377 and 658.
7
Calculate the greatest common divisor of 50120 and 52598.
14
What is the highest common divisor of 123506314 and 1642?
1642
What is the highest common divisor of 51 and 538138536?
51
Calculate the highest common factor of 228 and 5566012.
76
Calculate the greatest common divisor of 124 and 122185632.
124
Calculate the highest common divisor of 160 and 131505344.
32
What is the highest common factor of 133 and 247339834?
133
What is the greatest common factor of 1212 and 1097769?
303
What is the greatest common divisor of 306994 and 15515?
29
What is the greatest common factor of 1360 and 1908976?
16
What is the greatest common divisor of 4701480 and 9429?
21
Calculate the greatest common factor of 15169 and 27777.
197
Calculate the highest common divisor of 354003 and 3741.
87
What is the greatest common factor of 21177000 and 42120?
4680
What is the greatest common factor of 67 and 16803734?
67
Calculate the greatest common divisor of 14965 and 457755406.
2993
Calculate the greatest common divisor of 80 and 19222020.
20
What is the highest common divisor of 507688 and 57256?
136
What is the greatest common factor of 32 and 204658592?
32
Calculate the greatest common divisor of 257415619 and 166.
83
Calculate the greatest common factor of 1012 and 338990652.
1012
What is the greatest common divisor of 12285 and 31785299?
91
What is the highest common divisor of 32388 and 4132169?
2699
Calculate the highest common factor of 46 and 121626783.
23
Calculate the greatest common divisor of 516570 and 13065.
1005
What is the highest common divisor of 18537 and 177?
3
What is the greatest common factor of 3708222 and 693?
21
Calculate the highest common divisor of 78995 and 7381.
61
What is the highest common factor of 6455246 and 172?
86
What is the highest common divisor of 214 and 8396611?
107
Calculate the highest common divisor of 368220 and 1449624.
3876
What is the greatest common factor of 111635 and 1397455?
1345
Calculate the highest common divisor of 24840 and 29382615.
3105
Calculate the highest common divisor of 286429 and 1480217.
2003
What is the greatest common factor of 27869 and 615583?
29
What is the highest common divisor of 2289001 and 341?
11
What is the greatest common divisor of 157 and 41566378?
157
What is the highest common divisor of 4204 and 52512164?
4204
What is the greatest common factor of 19 and 568650202?
19
What is the highest common divisor of 245 and 108654805?
245
What is the highest common factor of 19565 and 85494535?
1505
What is the highest common divisor of 7120 and 38503536?
1424
What is the greatest common factor of 9761 and 3950027?
227
Calculate the highest common factor of 154388 and 10972.
52
What is the highest common divisor of 711 and 7519773?
237
Calculate the highest common factor of 11701222 and 2197.
2197
What is the greatest common divisor of 400192 and 258112?
2368
What is the highest common factor of 162 and 31698783?
81
What is the greatest common divisor of 1674 and 34082361?
279
What is the greatest common divisor of 568 and 12804424?
568
What is the greatest common factor of 15734884 and 572?
44
What is the highest common divisor of 594 and 269?
1
Calculate the highest common factor of 214536 and 45504618.
7662
What is the highest common factor of 11 and 3199284319?
11
What is the highest common factor of 5 and 430661120?
5
What is the greatest common divisor of 169015 and 36960?
385
What is the highest common divisor of 328073 and 137?
1
Calculate the highest common factor of 6393 and 1344.
3
What is the greatest common factor of 220329 and 2367?
9
Calculate the greatest common factor of 108507882 and 7728.
966
What is the greatest common factor of 712272501 and 103?
103
Calculate the highest common divisor of 4092228 and 8.
4
Calculate the greatest common factor of 8 and 116017568.
8
Calculate the highest common divisor of 14873147 and 187.
17
What is the highest common divisor of 22350 and 154005?
15
What is the greatest common divisor of 157984321 and 33?
11
Calculate the greatest common factor of 6435716 and 56.
28
What is the greatest common divisor of 29935444 and 182?
14
What is the greatest common divisor of 2176 and 319702?
34
What is the greatest common divisor of 30 and 39481790?
10
What is the greatest common factor of 41230 and 12441485?
665
Calculate the highest common factor of 26500024 and 32.
8
What is the greatest common factor of 284128 and 307616?
32
Calculate the highest common divisor of 9144 and 3522472.
1016
What is the highest common divisor of 18 and 1174392504?
18
Calculate the highest common factor of 1041439 and 1958227.
4021
Calculate the greatest common divisor of 98 and 32172574.
14
Calculate the greatest common divisor of 18 and 5693967.
9
Calculate the highest common divisor of 3504 and 845340.
876
What is the highest common factor of 27 and 44241201?
27
What is the greatest common divisor of 2184 and 194328?
24
What is the greatest common factor of 14290064 and 34?
34
What is the greatest common divisor of 48264593 and 497?
71
Calculate the greatest common factor of 1215 and 13634973.
243
Calculate the greatest common factor of 474953 and 9376.
293
Calculate the highest common divisor of 566236 and 3813304.
748
Calculate the greatest common divisor of 36 and 999946.
2
What is the highest common divisor of 454298292 and 378?
126
What is the highest common divisor of 13293957 and 59349?
219
Calculate the greatest common factor of 160 and 280151584.
32
Calculate the greatest common factor of 130880 and 23120.
80
Calculate the highest common divisor of 1747389 and 3234.
147
Calculate the greatest common divisor of 306228 and 76140.
12
Calculate the highest common factor of 6035395 and 10.
5
Calculate the highest common factor of 1263172 and 12032.
188
What is the greatest common factor of 7 and 105753081?
7
What is the highest common divisor of 10302 and 10984053?
303
Calculate the highest common factor of 6 and 1258318.
2
Calculate the greatest common divisor of 2360 and 102544360.
2360
Calculate the highest common factor of 641694568 and 3566.
3566
Calculate the greatest common factor of 25191923 and 4117.
4117
What is the highest common divisor of 2574915 and 26971875?
14385
Calculate the greatest common factor of 4208490 and 4895.
55
What is the greatest common divisor of 104 and 54202424?
8
What is the greatest common factor of 120 and 39761160?
120
Calculate the highest common factor of 23 and 14295788.
23
What is the highest common divisor of 33022131 and 1245?
249
What is the greatest common factor of 15 and 996673065?
15
Calculate the highest common divisor of 2313 and 3295254.
771
Calculate the greatest common factor of 380353 and 35143.
311
What is the highest common divisor of 20178 and 548388716?
2242
Calculate the highest common factor of 23326 and 2216842.
218
What is the highest common divisor of 1070999 and 203?
29
What is the highest common factor of 10876236 and 16059?
159
What is the highest common divisor of 8245 and 635545?
85
What is the highest common factor of 2622900 and 1500?
300
Calculate the highest common factor of 100589 and 2269993.
1037
What is the highest common factor of 40 and 5910670?
10
Calc